{"id":78,"date":"2015-03-31T14:58:23","date_gmt":"2015-03-31T12:58:23","guid":{"rendered":"http:\/\/gruenholz.info\/V2\/?page_id=78"},"modified":"2015-10-06T20:16:12","modified_gmt":"2015-10-06T18:16:12","slug":"bau-einer-eigenen-wippdrehbank","status":"publish","type":"page","link":"https:\/\/gruenholz.info\/?page_id=78","title":{"rendered":"Bau einer eigenen Wippdrehbank"},"content":{"rendered":"<p><img loading=\"lazy\" decoding=\"async\" class=\"alignleft wp-image-79 size-thumbnail\" src=\"http:\/\/gruenholz.info\/wp-content\/uploads\/2015\/03\/Bild_wippe_1-150x150.jpg\" alt=\"L1240211\" width=\"150\" height=\"150\" srcset=\"https:\/\/gruenholz.info\/wp-content\/uploads\/2015\/03\/Bild_wippe_1-150x150.jpg 150w, https:\/\/gruenholz.info\/wp-content\/uploads\/2015\/03\/Bild_wippe_1-184x184.jpg 184w\" sizes=\"(max-width: 150px) 100vw, 150px\" \/>Die Wippdrechselbank ist das Fahrrad der Drechseltechnik. Diese einfachen, fussbetriebenen, vor-und zur\u00fccklaufenden Drechselb\u00e4nke wurden vor ca. 1000 Jahren erfunden und waren noch bis in die erste H\u00e4lfte des 20. Jahrhunderts weit verbreitet.<br \/>\nEinfache Technik, aber erstaunlich wirkungsvoll.<\/p>\n<p>Wippdrehb\u00e4nke sind leise und ungef\u00e4hrlich, die Arbeit an ihnen ist leicht zu erlernen, f\u00f6rdert K\u00f6rperbewusstheit und Augenmass und bringt jede Menge Spass.<\/p>\n<p>Auf dem Kurs \u201cBau einer eigenen Wippdrehbank\u201d kann aus heimischem Holz eine vollfunktionst\u00fcchtige Drechselbank f\u00fcr L\u00e4ngs- und Querholzholzarbeiten gebaut werden, mit einer Spitzenh\u00f6he von 15 cm und einer maximalen Spannl\u00e4nge von 85 cm, das heisst auch tauglich f\u00fcr Schalen von bis zu 30 cm Durchmesser.<a href=\"http:\/\/gruenholz.info\/wp-content\/uploads\/2015\/03\/Bild_wippe_2.jpg\"><img loading=\"lazy\" decoding=\"async\" class=\"alignright wp-image-80 size-thumbnail\" src=\"http:\/\/gruenholz.info\/wp-content\/uploads\/2015\/03\/Bild_wippe_2-150x150.jpg\" alt=\"L1270039\" width=\"150\" height=\"150\" srcset=\"https:\/\/gruenholz.info\/wp-content\/uploads\/2015\/03\/Bild_wippe_2-150x150.jpg 150w, https:\/\/gruenholz.info\/wp-content\/uploads\/2015\/03\/Bild_wippe_2-184x184.jpg 184w\" sizes=\"(max-width: 150px) 100vw, 150px\" \/><\/a><\/p>\n<p>Nach vorheriger Absprache kann eine Wippdrehbank auch auf einem \u201cGr\u00fcnholzgestaltung und Wippdrechseln\u201d Kurs gebaut werden.<\/p>\n<p><a title=\"Kurstermine\" href=\"http:\/\/gruenholz.info\/?page_id=6\">-&gt; Termine und Preis<\/a><\/p>\n","protected":false},"excerpt":{"rendered":"<p>Die Wippdrechselbank ist das Fahrrad der Drechseltechnik. Diese einfachen, fussbetriebenen, vor-und zur\u00fccklaufenden Drechselb\u00e4nke wurden vor ca. 1000 Jahren erfunden und waren noch bis in die erste H\u00e4lfte des 20. Jahrhunderts weit verbreitet. Einfache Technik, aber erstaunlich wirkungsvoll. Wippdrehb\u00e4nke sind leise und ungef\u00e4hrlich, die Arbeit an ihnen ist leicht zu erlernen, f\u00f6rdert K\u00f6rperbewusstheit und Augenmass und [&hellip;]<\/p>\n","protected":false},"author":1,"featured_media":0,"parent":22,"menu_order":4,"comment_status":"open","ping_status":"open","template":"","meta":{"footnotes":""},"_links":{"self":[{"href":"https:\/\/gruenholz.info\/index.php?rest_route=\/wp\/v2\/pages\/78"}],"collection":[{"href":"https:\/\/gruenholz.info\/index.php?rest_route=\/wp\/v2\/pages"}],"about":[{"href":"https:\/\/gruenholz.info\/index.php?rest_route=\/wp\/v2\/types\/page"}],"author":[{"embeddable":true,"href":"https:\/\/gruenholz.info\/index.php?rest_route=\/wp\/v2\/users\/1"}],"replies":[{"embeddable":true,"href":"https:\/\/gruenholz.info\/index.php?rest_route=%2Fwp%2Fv2%2Fcomments&post=78"}],"version-history":[{"count":3,"href":"https:\/\/gruenholz.info\/index.php?rest_route=\/wp\/v2\/pages\/78\/revisions"}],"predecessor-version":[{"id":229,"href":"https:\/\/gruenholz.info\/index.php?rest_route=\/wp\/v2\/pages\/78\/revisions\/229"}],"up":[{"embeddable":true,"href":"https:\/\/gruenholz.info\/index.php?rest_route=\/wp\/v2\/pages\/22"}],"wp:attachment":[{"href":"https:\/\/gruenholz.info\/index.php?rest_route=%2Fwp%2Fv2%2Fmedia&parent=78"}],"curies":[{"name":"wp","href":"https:\/\/api.w.org\/{rel}","templated":true}]}}