{"id":67,"date":"2015-03-31T14:50:35","date_gmt":"2015-03-31T12:50:35","guid":{"rendered":"http:\/\/gruenholz.info\/V2\/?page_id=67"},"modified":"2024-08-18T11:28:49","modified_gmt":"2024-08-18T09:28:49","slug":"entwurf-und-bau-eines-gruenholzstuhles","status":"publish","type":"page","link":"https:\/\/gruenholz.info\/?page_id=67","title":{"rendered":"Entwurf und Bau eines Gr\u00fcnholzstuhles"},"content":{"rendered":"<p><a href=\"https:\/\/gruenholz.info\/wp-content\/uploads\/2024\/05\/Chairmak.5-2024.jpg\"><img loading=\"lazy\" decoding=\"async\" class=\"size-medium wp-image-607\" src=\"https:\/\/gruenholz.info\/wp-content\/uploads\/2024\/05\/Chairmak.5-2024-300x225.jpg\" alt=\"\" width=\"300\" height=\"225\" srcset=\"https:\/\/gruenholz.info\/wp-content\/uploads\/2024\/05\/Chairmak.5-2024-300x225.jpg 300w, https:\/\/gruenholz.info\/wp-content\/uploads\/2024\/05\/Chairmak.5-2024-1024x768.jpg 1024w, https:\/\/gruenholz.info\/wp-content\/uploads\/2024\/05\/Chairmak.5-2024-768x576.jpg 768w, https:\/\/gruenholz.info\/wp-content\/uploads\/2024\/05\/Chairmak.5-2024-1536x1152.jpg 1536w, https:\/\/gruenholz.info\/wp-content\/uploads\/2024\/05\/Chairmak.5-2024.jpg 2048w\" sizes=\"(max-width: 300px) 100vw, 300px\" \/><\/a><\/p>\n<p><strong><em>&#8222;Sich in einen Stickchair zu setzen ist, wie von einem Baum umarmt zu werden&#8220;<\/em><\/strong><\/p>\n<p><em>Chris Schwarz<\/em><\/p>\n<p>Stuhlbau ist die hohe Schule der Gr\u00fcnholzgestaltung. St\u00fchle dieser Art, als Stickchair mit massiver Sitzfl\u00e4che, oder als Ladderback mit geflochtenem Sitz, entspringen der Tradition des l\u00e4ndlichen Handwerks und sind elegant und langlebig.<\/p>\n<p>Auf diesem 6 Tage dauernden Kurs wird ein kompletter Stuhl geschnitzt und verzapft, einmalig sch\u00f6n und haltbar und komplett von Hand aus gr\u00fcnem, heimischem Hartholz hergestellt.<a href=\"http:\/\/gruenholz.info\/wp-content\/uploads\/2015\/03\/Bild_stuhlbau_2.jpg\"><img loading=\"lazy\" decoding=\"async\" class=\"alignright wp-image-69 size-thumbnail\" src=\"http:\/\/gruenholz.info\/wp-content\/uploads\/2015\/03\/Bild_stuhlbau_2-150x150.jpg\" alt=\"L1290411\" width=\"150\" height=\"150\" srcset=\"https:\/\/gruenholz.info\/wp-content\/uploads\/2015\/03\/Bild_stuhlbau_2-150x150.jpg 150w, https:\/\/gruenholz.info\/wp-content\/uploads\/2015\/03\/Bild_stuhlbau_2-184x184.jpg 184w\" sizes=\"(max-width: 150px) 100vw, 150px\" \/><\/a><\/p>\n<p>Ausser dem Schnitzen und Drechseln von Gr\u00fcnholz lernen die Kurteilnehmer die Grundlagen der Gestaltung von St\u00fchlen, das Dampfbiegen von gebogenen Stuhlteilen und das Fertigen von gezapften Verbindungen in komplexen Winkeln.<\/p>\n<p>Hier ein Stuhlbaukurs-Erfahrungsbericht des Tischlers Hauke Schmidt vom wundersch\u00f6nen YouTube-Kanal Schwalbe und Zinken:<\/p>\n<p><a href=\"https:\/\/youtu.be\/7siCtZEDqCw\" target=\"_blank\" rel=\"noopener\">Hauke Schmidt: Ein Stuhl aus Gr\u00fcnholz<\/a><\/p>\n<p>Preis und Termine siehe:<\/p>\n<p><a title=\"Kurstermine\" href=\"http:\/\/gruenholz.info\/?page_id=6\">-&gt; Termine <\/a><\/p>\n","protected":false},"excerpt":{"rendered":"<p>&#8222;Sich in einen Stickchair zu setzen ist, wie von einem Baum umarmt zu werden&#8220; Chris Schwarz Stuhlbau ist die hohe Schule der Gr\u00fcnholzgestaltung. St\u00fchle dieser Art, als Stickchair mit massiver Sitzfl\u00e4che, oder als Ladderback mit geflochtenem Sitz, entspringen der Tradition des l\u00e4ndlichen Handwerks und sind elegant und langlebig. Auf diesem 6 Tage dauernden Kurs wird [&hellip;]<\/p>\n","protected":false},"author":1,"featured_media":0,"parent":22,"menu_order":2,"comment_status":"open","ping_status":"open","template":"","meta":{"footnotes":""},"_links":{"self":[{"href":"https:\/\/gruenholz.info\/index.php?rest_route=\/wp\/v2\/pages\/67"}],"collection":[{"href":"https:\/\/gruenholz.info\/index.php?rest_route=\/wp\/v2\/pages"}],"about":[{"href":"https:\/\/gruenholz.info\/index.php?rest_route=\/wp\/v2\/types\/page"}],"author":[{"embeddable":true,"href":"https:\/\/gruenholz.info\/index.php?rest_route=\/wp\/v2\/users\/1"}],"replies":[{"embeddable":true,"href":"https:\/\/gruenholz.info\/index.php?rest_route=%2Fwp%2Fv2%2Fcomments&post=67"}],"version-history":[{"count":7,"href":"https:\/\/gruenholz.info\/index.php?rest_route=\/wp\/v2\/pages\/67\/revisions"}],"predecessor-version":[{"id":624,"href":"https:\/\/gruenholz.info\/index.php?rest_route=\/wp\/v2\/pages\/67\/revisions\/624"}],"up":[{"embeddable":true,"href":"https:\/\/gruenholz.info\/index.php?rest_route=\/wp\/v2\/pages\/22"}],"wp:attachment":[{"href":"https:\/\/gruenholz.info\/index.php?rest_route=%2Fwp%2Fv2%2Fmedia&parent=67"}],"curies":[{"name":"wp","href":"https:\/\/api.w.org\/{rel}","templated":true}]}}