{"id":549,"date":"2023-10-08T14:01:08","date_gmt":"2023-10-08T12:01:08","guid":{"rendered":"https:\/\/gruenholz.info\/?page_id=549"},"modified":"2024-11-28T07:57:06","modified_gmt":"2024-11-28T06:57:06","slug":"neu-baumzeit","status":"publish","type":"page","link":"https:\/\/gruenholz.info\/?page_id=549","title":{"rendered":"Neu:  Baumzeit und Holzweg"},"content":{"rendered":"<div class=\"wp-block-image\">\n<figure class=\"alignleft size-large is-resized\"><a href=\"https:\/\/gruenholz.info\/wp-content\/uploads\/2023\/05\/baumzeit-2.jpg\"><img loading=\"lazy\" decoding=\"async\" width=\"768\" height=\"1024\" src=\"https:\/\/gruenholz.info\/wp-content\/uploads\/2023\/05\/baumzeit-2-768x1024.jpg\" alt=\"\" class=\"wp-image-529\" style=\"width:466px;height:621px\" srcset=\"https:\/\/gruenholz.info\/wp-content\/uploads\/2023\/05\/baumzeit-2-768x1024.jpg 768w, https:\/\/gruenholz.info\/wp-content\/uploads\/2023\/05\/baumzeit-2-225x300.jpg 225w, https:\/\/gruenholz.info\/wp-content\/uploads\/2023\/05\/baumzeit-2.jpg 960w\" sizes=\"(max-width: 768px) 100vw, 768px\" \/><\/a><\/figure><\/div>\n\n\n<p class=\"has-text-align-left\"><strong>Auf in den Wald: <\/strong><\/p>\n\n\n\n<p class=\"has-text-align-left\"><strong>eint\u00e4giges Exkursions-Seminar \u00fcber das Leben der B\u00e4ume und die traditionelle Nutzung von Holz.<\/strong><\/p>\n\n\n\n<p class=\"has-text-align-left\">Menschen sind untrennbar mit B\u00e4umen und W\u00e4ldern verbunden. B\u00e4ume geh\u00f6ren zu den gr\u00f6\u00dften und \u00e4ltesten Lebewesen auf unserem Planeten. Oft stehen wir ehrf\u00fcrchtig vor diesen sanften Riesen. Wir k\u00f6nnen nicht ohne Sie \u00fcberleben, aber wir k\u00f6nnen auch nicht leben, ohne ihr Holz zu verwenden. <\/p>\n\n\n\n<p class=\"has-text-align-left\">Auf einer gef\u00fchrten Wanderung (Gesamtstrecke ca. 5 km) durch unerschiedliche Waldorte geht es um das Leben der B\u00e4ume, um M\u00e4rchen, Mythen und Geschichten zu ihnen, um die traditionelle Verwendung der unterschiedlichen Holzarten, um Waldgeschichte und um verschiedene Ans\u00e4tze naturnaher Waldwirtschaft. <\/p>\n\n\n\n<p class=\"has-text-align-left\">Und um die gro\u00dfe Frage: Wie sollen wir die B\u00e4ume und W\u00e4lder sch\u00fctzen und wie sollen wir ernten?<\/p>\n\n\n\n<p class=\"has-text-align-left\">Unterwegs gibt es an einer Schutzh\u00fctte ein Picknick  im Wald.<\/p>\n\n\n\n<p class=\"has-text-align-left\">Bitte feste Schuhe und dem Wetter angemessene Kleidung mitbringen.<\/p>\n\n\n\n<p><\/p>\n\n\n\n<p><a href=\"http:\/\/gruenholz.info\/?page_id=6\" data-type=\"URL\" data-id=\"http:\/\/gruenholz.info\/?page_id=6\">-&gt; Alle Termine und Preise<\/a><\/p>\n","protected":false},"excerpt":{"rendered":"<p>Auf in den Wald: eint\u00e4giges Exkursions-Seminar \u00fcber das Leben der B\u00e4ume und die traditionelle Nutzung von Holz. Menschen sind untrennbar mit B\u00e4umen und W\u00e4ldern verbunden. B\u00e4ume geh\u00f6ren zu den gr\u00f6\u00dften und \u00e4ltesten Lebewesen auf unserem Planeten. Oft stehen wir ehrf\u00fcrchtig vor diesen sanften Riesen. Wir k\u00f6nnen nicht ohne Sie \u00fcberleben, aber wir k\u00f6nnen auch nicht [&hellip;]<\/p>\n","protected":false},"author":1,"featured_media":0,"parent":22,"menu_order":12,"comment_status":"closed","ping_status":"closed","template":"","meta":{"footnotes":""},"_links":{"self":[{"href":"https:\/\/gruenholz.info\/index.php?rest_route=\/wp\/v2\/pages\/549"}],"collection":[{"href":"https:\/\/gruenholz.info\/index.php?rest_route=\/wp\/v2\/pages"}],"about":[{"href":"https:\/\/gruenholz.info\/index.php?rest_route=\/wp\/v2\/types\/page"}],"author":[{"embeddable":true,"href":"https:\/\/gruenholz.info\/index.php?rest_route=\/wp\/v2\/users\/1"}],"replies":[{"embeddable":true,"href":"https:\/\/gruenholz.info\/index.php?rest_route=%2Fwp%2Fv2%2Fcomments&post=549"}],"version-history":[{"count":6,"href":"https:\/\/gruenholz.info\/index.php?rest_route=\/wp\/v2\/pages\/549\/revisions"}],"predecessor-version":[{"id":662,"href":"https:\/\/gruenholz.info\/index.php?rest_route=\/wp\/v2\/pages\/549\/revisions\/662"}],"up":[{"embeddable":true,"href":"https:\/\/gruenholz.info\/index.php?rest_route=\/wp\/v2\/pages\/22"}],"wp:attachment":[{"href":"https:\/\/gruenholz.info\/index.php?rest_route=%2Fwp%2Fv2%2Fmedia&parent=549"}],"curies":[{"name":"wp","href":"https:\/\/api.w.org\/{rel}","templated":true}]}}

<div class="wp-block-image">
<figure class="alignleft size-large is-resized"><a href="https://gruenholz.info/wp-content/uploads/2023/05/baumzeit-2.jpg"><img loading="lazy" decoding="async" width="768" height="1024" src="https://gruenholz.info/wp-content/uploads/2023/05/baumzeit-2-768x1024.jpg" alt="" class="wp-image-529" style="width:466px;height:621px" srcset="https://gruenholz.info/wp-content/uploads/2023/05/baumzeit-2-768x1024.jpg 768w, https://gruenholz.info/wp-content/uploads/2023/05/baumzeit-2-225x300.jpg 225w, https://gruenholz.info/wp-content/uploads/2023/05/baumzeit-2.jpg 960w" sizes="(max-width: 768px) 100vw, 768px" /></a></figure></div>


<p class="has-text-align-left"><strong>Auf in den Wald: </strong></p>



<p class="has-text-align-left"><strong>eintägiges Exkursions-Seminar über das Leben der Bäume und die traditionelle Nutzung von Holz.</strong></p>



<p class="has-text-align-left">Menschen sind untrennbar mit Bäumen und Wäldern verbunden. Bäume gehören zu den größten und ältesten Lebewesen auf unserem Planeten. Oft stehen wir ehrfürchtig vor diesen sanften Riesen. Wir können nicht ohne Sie überleben, aber wir können auch nicht leben, ohne ihr Holz zu verwenden. </p>



<p class="has-text-align-left">Auf einer geführten Wanderung (Gesamtstrecke ca. 5 km) durch unerschiedliche Waldorte geht es um das Leben der Bäume, um Märchen, Mythen und Geschichten zu ihnen, um die traditionelle Verwendung der unterschiedlichen Holzarten, um Waldgeschichte und um verschiedene Ansätze naturnaher Waldwirtschaft. </p>



<p class="has-text-align-left">Und um die große Frage: Wie sollen wir die Bäume und Wälder schützen und wie sollen wir ernten?</p>



<p class="has-text-align-left">Unterwegs gibt es an einer Schutzhütte ein Picknick  im Wald.</p>



<p class="has-text-align-left">Bitte feste Schuhe und dem Wetter angemessene Kleidung mitbringen.</p>



<p></p>



<p><a href="http://gruenholz.info/?page_id=6" data-type="URL" data-id="http://gruenholz.info/?page_id=6">-&gt; Alle Termine und Preise</a></p>

<p>Auf in den Wald: eintägiges Exkursions-Seminar über das Leben der Bäume und die traditionelle Nutzung von Holz. Menschen sind untrennbar mit Bäumen und Wäldern verbunden. Bäume gehören zu den größten und ältesten Lebewesen auf unserem Planeten. Oft stehen wir ehrfürchtig vor diesen sanften Riesen. Wir können nicht ohne Sie überleben, aber wir können auch nicht [&hellip;]</p>
