{"id":29,"date":"2015-03-31T14:24:00","date_gmt":"2015-03-31T12:24:00","guid":{"rendered":"http:\/\/gruenholz.info\/V2\/?page_id=29"},"modified":"2018-05-02T12:29:59","modified_gmt":"2018-05-02T10:29:59","slug":"loeffelschnitzen","status":"publish","type":"page","link":"https:\/\/gruenholz.info\/?page_id=29","title":{"rendered":"L\u00f6ffelschnitzen"},"content":{"rendered":"<p><a href=\"http:\/\/gruenholz.info\/wp-content\/uploads\/2015\/03\/Bild_loeffel_1.jpg\"><img loading=\"lazy\" decoding=\"async\" class=\"alignleft wp-image-30 size-thumbnail\" src=\"http:\/\/gruenholz.info\/wp-content\/uploads\/2015\/03\/Bild_loeffel_1-150x150.jpg\" alt=\"lo\u0308ffelschnitzen 11\" width=\"150\" height=\"150\" srcset=\"https:\/\/gruenholz.info\/wp-content\/uploads\/2015\/03\/Bild_loeffel_1-150x150.jpg 150w, https:\/\/gruenholz.info\/wp-content\/uploads\/2015\/03\/Bild_loeffel_1-184x184.jpg 184w\" sizes=\"(max-width: 150px) 100vw, 150px\" \/><\/a>Weil nur wenige Werkzeuge ben\u00f6tigt werden, ist L\u00f6ffelschnitzen ein idealer Einstieg ins Arbeiten mit gr\u00fcnem Holz.<\/p>\n<p>&nbsp;<\/p>\n<p>Aber es ist komplexer als man zun\u00e4chst einmal denken mag- jeder gute Holzl\u00f6ffel ist eine vollkommene dreidimensionale Skulptur.<a href=\"http:\/\/gruenholz.info\/wp-content\/uploads\/2015\/03\/Bild_loeffel_2.jpg\"><img loading=\"lazy\" decoding=\"async\" class=\"alignright wp-image-31 size-thumbnail\" src=\"http:\/\/gruenholz.info\/wp-content\/uploads\/2015\/03\/Bild_loeffel_2-150x150.jpg\" alt=\"L1190013\" width=\"150\" height=\"150\" srcset=\"https:\/\/gruenholz.info\/wp-content\/uploads\/2015\/03\/Bild_loeffel_2-150x150.jpg 150w, https:\/\/gruenholz.info\/wp-content\/uploads\/2015\/03\/Bild_loeffel_2-184x184.jpg 184w\" sizes=\"(max-width: 150px) 100vw, 150px\" \/><\/a><\/p>\n<p>&nbsp;<\/p>\n<p>Und L\u00f6ffelschnitzen kann in vielerlei Beziehung gl\u00fccklich machen &#8211;\u00a0sch\u00f6n geschnitzte L\u00f6ffel waren fr\u00fcher beliebte Brautwerbegeschenke, um den Partner f\u00fcrs Leben zu gewinnen.<\/p>\n<p>&nbsp;<\/p>\n<p>Wir unterrichten L\u00f6ffelschnitzen im Skandinavischen Stil, es wird mit Beil und Schnitz- und Hakenmesser gearbeitet.<\/p>\n<p>Neben dem Besuch der speziellen L\u00f6ffelschnitzkurse kann das Schnitzen von L\u00f6ffeln gerne auch auf den Kursen &#8222;Gr\u00fcnholzgestaltung und Wippdrechseln&#8220; gelernt werden.<\/p>\n<p><a title=\"Kurstermine\" href=\"http:\/\/gruenholz.info\/?page_id=6\">-&gt; Termine und Preis<\/a><\/p>\n","protected":false},"excerpt":{"rendered":"<p>Weil nur wenige Werkzeuge ben\u00f6tigt werden, ist L\u00f6ffelschnitzen ein idealer Einstieg ins Arbeiten mit gr\u00fcnem Holz. &nbsp; Aber es ist komplexer als man zun\u00e4chst einmal denken mag- jeder gute Holzl\u00f6ffel ist eine vollkommene dreidimensionale Skulptur. &nbsp; Und L\u00f6ffelschnitzen kann in vielerlei Beziehung gl\u00fccklich machen &#8211;\u00a0sch\u00f6n geschnitzte L\u00f6ffel waren fr\u00fcher beliebte Brautwerbegeschenke, um den Partner f\u00fcrs [&hellip;]<\/p>\n","protected":false},"author":1,"featured_media":0,"parent":22,"menu_order":6,"comment_status":"open","ping_status":"closed","template":"","meta":{"footnotes":""},"_links":{"self":[{"href":"https:\/\/gruenholz.info\/index.php?rest_route=\/wp\/v2\/pages\/29"}],"collection":[{"href":"https:\/\/gruenholz.info\/index.php?rest_route=\/wp\/v2\/pages"}],"about":[{"href":"https:\/\/gruenholz.info\/index.php?rest_route=\/wp\/v2\/types\/page"}],"author":[{"embeddable":true,"href":"https:\/\/gruenholz.info\/index.php?rest_route=\/wp\/v2\/users\/1"}],"replies":[{"embeddable":true,"href":"https:\/\/gruenholz.info\/index.php?rest_route=%2Fwp%2Fv2%2Fcomments&post=29"}],"version-history":[{"count":6,"href":"https:\/\/gruenholz.info\/index.php?rest_route=\/wp\/v2\/pages\/29\/revisions"}],"predecessor-version":[{"id":328,"href":"https:\/\/gruenholz.info\/index.php?rest_route=\/wp\/v2\/pages\/29\/revisions\/328"}],"up":[{"embeddable":true,"href":"https:\/\/gruenholz.info\/index.php?rest_route=\/wp\/v2\/pages\/22"}],"wp:attachment":[{"href":"https:\/\/gruenholz.info\/index.php?rest_route=%2Fwp%2Fv2%2Fmedia&parent=29"}],"curies":[{"name":"wp","href":"https:\/\/api.w.org\/{rel}","templated":true}]}}