{"id":160,"date":"2015-07-01T10:59:12","date_gmt":"2015-07-01T08:59:12","guid":{"rendered":"http:\/\/gruenholz.info\/V2\/?page_id=160"},"modified":"2024-08-18T12:19:16","modified_gmt":"2024-08-18T10:19:16","slug":"michail-schuette","status":"publish","type":"page","link":"https:\/\/gruenholz.info\/?page_id=160","title":{"rendered":"Michail Sch\u00fctte"},"content":{"rendered":"<p><strong>Nachdem ich 13 Jahre lang<\/strong> zur Schule gegangen war, ohne in irgendeiner Form zu lernen, wie Dinge hergestellt werden, entschloss ich mich Ende der 80ziger Jahre zun\u00e4chst einmal eine Tischlerlehre zu machen.\u00a0 Wenig bewusst war mir damals, das dies die ersten Schritte auf meinem pers\u00f6nlichen Holzweg waren, den ich noch immer verfolge.<\/p>\n<p><strong><a href=\"http:\/\/gruenholz.info\/wp-content\/uploads\/2015\/07\/Bild_michail_1.jpg\"><img loading=\"lazy\" decoding=\"async\" class=\"size-thumbnail wp-image-202 alignleft\" src=\"http:\/\/gruenholz.info\/wp-content\/uploads\/2015\/07\/Bild_michail_1-150x150.jpg\" alt=\"L1210667\" width=\"150\" height=\"150\" srcset=\"https:\/\/gruenholz.info\/wp-content\/uploads\/2015\/07\/Bild_michail_1-150x150.jpg 150w, https:\/\/gruenholz.info\/wp-content\/uploads\/2015\/07\/Bild_michail_1-184x184.jpg 184w\" sizes=\"(max-width: 150px) 100vw, 150px\" \/><\/a>Nach einem Jahr Tischlerei<\/strong> wechselte zum Zimmern und lernte im Wendland in einem kleinen Familienbetrieb, der jenseits von Raum und Zeit zu existieren schien, Fachwerkh\u00e4user zu bauen und zu restaurieren.\u00a0 Meinem dortigen Lehrmeister G\u00fcnther Herbst, der eine unendliche Geduld aufbrachte, seine Lehrlinge selbsst\u00e4ndig traditionellen Holzbau lernen zu lassen, verdanke ich meine Grundlagen, und eine Liebe zum Dexel, dem Werkzeug mit dem dort alle Holzverbindungen ausgearbeitet wurden.\u00a0 Dass der Betrieb ein halbes Industriemuseum war, kam meinem Interesse f\u00fcr Geschichte entgegen, und mir wurde bewusst, das viele von den Techniken, die ich lernte, schon fast ausgestorben waren.<\/p>\n<p><strong>Um neue Dimensionen zu erkunden<\/strong>, besuchte ich danach f\u00fcr 2 Semester die Holzbildhauerklasse an der Werkkunstschule in Flensburg.\u00a0 Hier lernte ich die Grundlagen des Schnitzens, und zum ersten Mal, meine Werkzeuge wirklich rasiermesserscharf\u00a0 zu schleifen.<\/p>\n<p><strong>Mit diesem R\u00fcstzeug<\/strong> ging ich 1995 auf traditionelle Wanderschaft und reiste die n\u00e4chsten 4 Jahre lang mit Stock und Hut durch Deutschland und Nordeuropa.\u00a0 Diese Zeit wurde zu einem pers\u00f6nlichen Studium meines Handwerks.\u00a0 Ich arbeitete mit verschiedensten Handwerkern, K\u00fcnstlern, Arch\u00e4ologen und Museen, und spezialisierte mich mehr und mehr auf traditionelle Holzarbeiten.\u00a0 Durch eigene Versuche erkundete ich\u00a0 die Welt des Gr\u00fcnholzarbeitens, begann selber lokales Holz zu ernten und durch Spalten aufzuschliessen, und baute meine ersten Hobelpferde.<\/p>\n<p><strong>Zu Beginn meines vierten Reisejahres<\/strong> f\u00fchrten mich meine Wege nach Grossbitannien, wo ich zum ersten Mal auf Menschen traf,\u00a0 die hauptberuflich Gr\u00fcnholzarbeiten machten.\u00a0 Bei Mike Abbott, (<a href=\"http:\/\/www.living-wood.co.uk\" target=\"_blank\" rel=\"noopener\">www.living-wood.co.uk<\/a>) dem Autor des Standardwerks \u201cGreen Woodworking\u201d, hospitierte ich f\u00fcr 3 Monate in seiner Kurswerkstatt.\u00a0 Dort lernte ich Wippdrechseln, Stuhlbau und auch das Unterrichten.\u00a0 Danach tauchte ich bei Hugh Roberts (<a href=\"http:\/\/www.welshstickchairs.co.uk\" target=\"_blank\" rel=\"noopener\">www.welshstickchairs.co.uk<\/a>) in Nordwales in die faszinierende Welt der Welsh-Stick-Chairs ein, alte Bauernm\u00f6bel, die komplett aus Gr\u00fcnholz hergestellt sind, und ich erlernte von Robin Wood (<a href=\"http:\/\/www.robin-wood.co.uk\" target=\"_blank\" rel=\"noopener\">www.robin-wood.co.uk<\/a>) die Feinheiten des Schalendrechselns auf der Wippdrehbank und des L\u00f6ffelschnitzens.<\/p>\n<p><strong><a href=\"http:\/\/gruenholz.info\/wp-content\/uploads\/2015\/07\/Bild_michail_2.jpg\"><img loading=\"lazy\" decoding=\"async\" class=\"size-thumbnail wp-image-203 alignleft\" src=\"http:\/\/gruenholz.info\/wp-content\/uploads\/2015\/07\/Bild_michail_2-150x150.jpg\" alt=\"Sequoias\" width=\"150\" height=\"150\" srcset=\"https:\/\/gruenholz.info\/wp-content\/uploads\/2015\/07\/Bild_michail_2-150x150.jpg 150w, https:\/\/gruenholz.info\/wp-content\/uploads\/2015\/07\/Bild_michail_2-184x184.jpg 184w, https:\/\/gruenholz.info\/wp-content\/uploads\/2015\/07\/Bild_michail_2-430x433.jpg 430w\" sizes=\"(max-width: 150px) 100vw, 150px\" \/><\/a>Daneben hatte ich Gelegenheit<\/strong>, mit Timberframer Henry Russell in Schottland komplett von Hand einen Cruckframe zu bauen.\u00a0 Crucks sind\u00a0 ein wundersch\u00f6ner britischer Fachwerkstil mit vielen krummen H\u00f6lzern, bei dem die\u00a0 H\u00e4user in etwa so aussehen wie ein umgedrehtes Boot. \u00a0Gemeinsam nahmen wir dann noch an einem Projekt der Timber Framers Guild teil und\u00a0 bauten an den Ufern des Loch Ness zwei Trebuchets nach, gigantische mittelalterliche Steinschleudern (<a href=\"http:\/\/www.youtube.com\/watch?v=VmekblMdKtY\" target=\"_blank\" rel=\"noopener\">Medieval Siege Engines)<\/a><\/p>\n<p><strong>Neben den vielen handwerklichen Techniken<\/strong>, die ich in dort lernen konnte, begann ich in England \u00a0vermehrt Wissen \u00fcber Wald und B\u00e4ume zu sammeln.\u00a0 Ich lernte historische Waldbewirtschaftungsformen kenne, half bei Ernte in alten Niederw\u00e4ldern mit und besuchte viele Baumveteranen, insbesondere einige der ururalten Eiben, die dort noch stehen.<\/p>\n<p><strong>Seit 2003 lebe und arbeite ich gemeinsam mit meiner Frau, der britischen Holzbildhauerin Katy Sch\u00fctte, in Nieperfitz<\/strong> auf der Grenze zwischen dem Landkreis L\u00fcneburg und dem Wendland.\u00a0 Dort am Nordrand der G\u00f6hrde unterhalten wir unser Atelier Geh\u00f6lz &amp; Gestalt, in dem unsere regelm\u00e4ssigen Kurse stattfinden.\u00a0 Nah bei liegt auch das Paradies, ein kleiner, urwald\u00e4hnlicher Laubmischwald, den wir konsequent naturnah und \u00f6kologisch bewirtschaften, um dort den gr\u00f6\u00dften Teil unseres Materials selbst zu ernten.<\/p>\n<p><strong>Seit 2011 bin ich zudem noch als Wald- und Naturp\u00e4dagoge im Naturum G\u00f6hrde t\u00e4tig<\/strong>, einem kleinen Waldmuseum zur Flora, Fauna und Geschichte der G\u00f6hrde. Der G\u00f6hrdewald als einer der gr\u00f6\u00dften historisch-alten Laubmischw\u00e4lder Niedersachsens ist ein einzigartiger Naturraum. Unter uralten Traubeneichen tummeln sich hier Hirschk\u00e4fer, Rotwild, W\u00f6lfe und viele andere bedrohte Arten.<\/p>\n<p><strong>Dort habe ich 2013 das Projekt &#8222;Ein Baum aus der G\u00f6hrde&#8220; initiiert.<\/strong> \u00dcber einen Zeitraum von drei Jahren habe ich zusammen mit 30 anderen Handwerkern, K\u00fcnstlern, F\u00f6rstern und \u00d6kologen\u00a0 eine G\u00f6hrdeeiche be- und verarbeitet. Wir versuchten, gemeinsam zu zeigen, was alles in einem einzigen Baum steckt. (Die Geschichte des Baumes und was\u00a0 aus ihm wurde ist auch in einem Buch aufgearbeitet, das im Naturum bestellte werden kann, www.naturum-goehrde.de)<\/p>\n","protected":false},"excerpt":{"rendered":"<p>Nachdem ich 13 Jahre lang zur Schule gegangen war, ohne in irgendeiner Form zu lernen, wie Dinge hergestellt werden, entschloss ich mich Ende der 80ziger Jahre zun\u00e4chst einmal eine Tischlerlehre zu machen.\u00a0 Wenig bewusst war mir damals, das dies die ersten Schritte auf meinem pers\u00f6nlichen Holzweg waren, den ich noch immer verfolge. Nach einem Jahr [&hellip;]<\/p>\n","protected":false},"author":1,"featured_media":0,"parent":44,"menu_order":2,"comment_status":"closed","ping_status":"closed","template":"","meta":{"footnotes":""},"_links":{"self":[{"href":"https:\/\/gruenholz.info\/index.php?rest_route=\/wp\/v2\/pages\/160"}],"collection":[{"href":"https:\/\/gruenholz.info\/index.php?rest_route=\/wp\/v2\/pages"}],"about":[{"href":"https:\/\/gruenholz.info\/index.php?rest_route=\/wp\/v2\/types\/page"}],"author":[{"embeddable":true,"href":"https:\/\/gruenholz.info\/index.php?rest_route=\/wp\/v2\/users\/1"}],"replies":[{"embeddable":true,"href":"https:\/\/gruenholz.info\/index.php?rest_route=%2Fwp%2Fv2%2Fcomments&post=160"}],"version-history":[{"count":7,"href":"https:\/\/gruenholz.info\/index.php?rest_route=\/wp\/v2\/pages\/160\/revisions"}],"predecessor-version":[{"id":628,"href":"https:\/\/gruenholz.info\/index.php?rest_route=\/wp\/v2\/pages\/160\/revisions\/628"}],"up":[{"embeddable":true,"href":"https:\/\/gruenholz.info\/index.php?rest_route=\/wp\/v2\/pages\/44"}],"wp:attachment":[{"href":"https:\/\/gruenholz.info\/index.php?rest_route=%2Fwp%2Fv2%2Fmedia&parent=160"}],"curies":[{"name":"wp","href":"https:\/\/api.w.org\/{rel}","templated":true}]}}